0, -5*d = 0. Suppose 0 = n - i + 6. List the prime factors of ((-8)/n)/(4/(-18)).
3
Suppose 24 - 8 = 2*o. What are the prime factors of o?
2
List the prime factors of -18*(-3 + (-20)/6).
2, 3, 19
Let w(n) = 19*n + 1. List the prime factors of w(3).
2, 29
Suppose 68 + 76 = 6*s. Suppose -t + s = -1. What are the prime factors of t?
5
What are the prime factors of 4/(3/(-42)*-4)?
2, 7
Let n(x) = -5*x**3 - 11*x**2 + 4*x + 1. Let o(h) = -4*h**3 - 10*h**2 + 3*h + 2. Let s(p) = -3*n(p) + 4*o(p). List the prime factors of s(-7).
5
Let h(q) be the third derivative of q**5/60 - q**4/8 + 2*q**3/3 - 2*q**2. Let p = 14 - 10. What are the prime factors of h(p)?
2
Let w(t) = -3 - 2*t - 2*t - 2 + 1. Let r(k) = 4*k + 4. Let z(j) = -5*r(j) - 6*w(j). What are the prime factors of z(3)?
2
Let f = 207 + -20. List the prime factors of f.
11, 17
Let d(z) = 23*z**3 + 2*z**2 - 1. Let g be d(-1). Let y = 16 + -28. Let r = y - g. What are the prime factors of r?
2, 5
Let y = -5 - 6. Let b be 4/3*27/2. Let d = b + y. List the prime factors of d.
7
Let a be 3/4 + (-35)/4. Let z = a + 6. Let g(b) = b**2 + 2. List the prime factors of g(z).
2, 3
Suppose -4*n = -305 - 447. List the prime factors of n.
2, 47
Let k = 17 + -12. What are the prime factors of k?
5
Let y(o) = -o**2 + 7*o - 3. Let s = 4 + -5. Let b be (-16)/(-20)*(s + 6). What are the prime factors of y(b)?
3
Suppose 2*k + 2*k = -h - 6, 2*h - 12 = 4*k. Suppose 0 = -h*o - 4*y - 14, -4*o - 5*y = 13 + 6. What are the prime factors of (-2)/(-2)*(-13)/o?
13
Suppose -g = -5*g - 24. Suppose -3 = -k - 1. Let a = k - g. List the prime factors of a.
2
Let i = 3 + 3. Let p be (-27)/i*2/(-3). Suppose p*j - 21 = -0*j. List the prime factors of j.
7
Let r be (8/(-2))/2 - -2. Let u be r/2*3/(-3). What are the prime factors of 5 - u*(-1)/2?
5
Suppose 0 = -6*z + z + 20, -5*d + z = 49. Let w = 8 - d. List the prime factors of w.
17
Let s be 7/(-35) - 358/10. Let q = -21 - s. Suppose 5*v - 2*l - 73 = -q, 5*l - 5 = 0. List the prime factors of v.
2, 3
Suppose g + 23 = -5*x + 138, -4*g + 376 = -x. Suppose -5*m = 5*y - g, -2*y + 2*m - m + 35 = 0. List the prime factors of 728/36 + (-4)/y.
2, 5
Let y(u) = -u**3 + 8*u**2 + 2*u + 5. List the prime factors of y(7).
2, 17
Suppose 5*t + 9*l = 4*l + 25, 4*l + 43 = 5*t. What are the prime factors of t?
7
Suppose -943 = -3*u + 2*h, -4*u = -7*h + 10*h - 1229. List the prime factors of u.
311
What are the prime factors of 40/24 + (-938)/(-6)?
2, 79
Let c = 65 + -46. What are the prime factors of (-4 + 1)*c/(-3)?
19
Suppose 30 = 5*r + 5. Suppose -r*d + 30 = -3*z, d + 2*d - 4*z - 29 = 0. What are the prime factors of d?
3
Let a = 46 + -41. What are the prime factors of a?
5
Let f = 5 - 0. Suppose f*d - 30 = 4*l - 2, 5*l = -3*d + 2. What are the prime factors of (-130)/(-8) - 1/d?
2
Let k = 12 - 9. Suppose -5*g = -5*h - 15, -k*g + 5*h + 11 = g. Suppose -t = -g*t + 66. What are the prime factors of t?
2, 11
Suppose 5*t - 339 = -0*c - 2*c, 0 = -3*c + 4*t + 451. Suppose -2*x - 47 = -c. Suppose -o - x = -6*o. List the prime factors of o.
11
Let q(u) = -u - 13. Let w be q(-13). Suppose w = c - 2*g + 6*g - 27, 3*g = 4*c - 70. What are the prime factors of c?
19
Let w = -5 - -8. Suppose -h - 3*m = 4, -3*m = -w*h + 2*h + 14. Suppose -2*p = -4*r + h*r - 20, 31 = 3*p + 2*r. What are the prime factors of p?
3
Suppose 4*r + 3 - 15 = 0. List the prime factors of r.
3
Let z = -15 - -17. Suppose 5*j + 5*i = 35, -5*j + i + 1 + 22 = 0. Suppose 0 = -m - 0*m - j*y + 7, -z*m + 14 = -y. What are the prime factors of m?
7
Let d(q) = -q + 6. List the prime factors of d(0).
2, 3
Let h be -30*(-4 + 6 + -3). Suppose -22 = -d + h. What are the prime factors of d?
2, 13
Let i(n) = 4*n**2 - 2*n + 1. Let v be i(1). What are the prime factors of v + (24 - -1) + -3?
5
Let l(p) = p**2 + 7*p + 40 - 25 + 7*p. What are the prime factors of l(-13)?
2
Suppose -2*f + 2 = -3*r + 11, -4 = f - r. Let a(g) = -28*g. Let t(k) = 9*k. Let m(p) = -5*a(p) - 16*t(p). List the prime factors of m(f).
2, 3
Let f = -193 + 312. List the prime factors of f.
7, 17
List the prime factors of (-2055)/(-75) - (-3)/5.
2, 7
Let z(l) = -l**3 + 7*l**2 - 5*l + 3. Let m be z(6). Let y = 0 + m. What are the prime factors of y?
3
Suppose 11 + 1 = 3*n. Suppose 16 = n*k - 0. List the prime factors of k.
2
Let w(n) = 5*n**2 - 5*n**2 - n + n**2 - 4*n. What are the prime factors of w(6)?
2, 3
Let k be (-644)/(-18) - 8/(-36). Let z = k - 21. What are the prime factors of z?
3, 5
Let d(h) = -2*h**3 - 7*h**2 - 3*h - 4*h**3 + 2 + 5*h**3 + 3*h**2. What are the prime factors of d(-4)?
2, 7
Let y be 2966/7 - 28/(-98). What are the prime factors of y/36 + 6/27?
2, 3
Let k(r) = 6*r + 2. Suppose -8 = 2*j - 6*j. Let n be k(j). Let m = -10 + n. List the prime factors of m.
2
Let l(o) = 2*o**2 - 10*o - 8. List the prime factors of l(7).
2, 5
Let k = 36 + -18. What are the prime factors of k?
2, 3
Let t(f) = f**3 + 3*f**2 - f + 1. Let r be t(-3). Suppose 2*s - 22 = -3*d, -d + r*d + 8 = 4*s. List the prime factors of d.
2
Let x(d) = 5*d**2 + 15*d + 5. List the prime factors of x(-7).
5, 29
Suppose -5*t = 2*y - 83, y = 4*t - 2*y - 71. What are the prime factors of t?
17
Let k(l) = 3*l - 11. Let r be k(5). Suppose 0 = -2*b - r*y - 8, -4*y + y = 3*b + 3. What are the prime factors of b?
2
Let i = 6 - 4. Suppose -6*r + i*r + 20 = 0. Suppose -5*f + 116 = -4*z, 0*f - 5*z = -r*f + 120. List the prime factors of f.
2, 5
Let q = 177 - 297. List the prime factors of (q/(-42))/((-4)/(-14)).
2, 5
Suppose 3*v + 2*o - 16 = 0, 3*o + 28 = 5*v + 7*o. Suppose v*r - 4 = 2*h, -5*r + 3 + 2 = -5*h. Suppose s - 1 - 5 = h. What are the prime factors of s?
2, 3
Suppose -4*m - 1254 = -2*z, -2*z + 318 = -m - 0*m. Let h be (-1)/(((-2)/m)/1). What are the prime factors of h/(-10) + 8/20?
2
Suppose 9 = -3*i + 6*i. What are the prime factors of i?
3
Let t(m) = -m**3 + 5*m**2 - 3*m. Let d be t(4). Suppose -3*u + 5 = -d. Suppose 4 = 2*g - 3*l, -u*g + 2*g = 3*l - 20. What are the prime factors of g?
2
Let j = 3 + 9. What are the prime factors of j?
2, 3
Suppose 8 = 2*b + 5*h - 7, 3*b + h = 16. Let g(k) = 3*k**2 - 4*k - 12*k**3 - 2*k**2 + b*k. List the prime factors of g(-1).
2, 3
Let a(p) = p**3 - 7*p**2 + p - 6. Let o be a(5). Suppose -3*r + 9 - 6 = 0. List the prime factors of (3 - r)*o/(-6).
17
Let m(a) = a**2 - 4*a. Let k be 89/(-3) + (-3)/9. Let r be 12/k + (-54)/(-10). List the prime factors of m(r).
5
Let x be (-11)/4 + 7/(-28). What are the prime factors of x*((-14)/3 + 2)?
2
Let d be (3 - 5)*5/(-2). Let v be (1*2)/((-5)/(-10)). Let y = v + d. What are the prime factors of y?
3
Suppose -138 = -3*g + 2*z, 0 = -2*g - 0*g - 3*z + 92. List the prime factors of g.
2, 23
Suppose -4*n - 3*y = 122, 0 = -n + 4*n + y + 89. Let p = n + 44. List the prime factors of p.
3, 5
Suppose 3*i = 4*i. Suppose -d + 6*d - 85 = i. List the prime factors of d.
17
Let b = 30 + 4. List the prime factors of b.
2, 17
Let m be (-1)/4 - 225/12. Let z = -7 - m. List the prime factors of z.
2, 3
Let m(l) = -l + 3. Let t be m(-7). Suppose -t*i + 14*i = 72. What are the prime factors of i?
2, 3
What are the prime factors of -6*(3232/(-12))/4?
2, 101
Let a(q) = 10*q**3 + 17*q**2 + 20*q + 20. Let o(l) = -7*l**3 - 11*l**2 - 13*l - 13. Let t(p) = 5*a(p) + 7*o(p). What are the prime factors of t(-6)?
3
Suppose -6*u + 723 = -315. What are the prime factors of u?
173
Let b be 70/(-21) + (-4)/6. Let s = -2 - b. Suppose -2*f + 4 = s*i, -7*i = -f - 2*i + 8. What are the prime factors of f?
3
Let q = -13 + 20. What are the prime factors of q?
7
Suppose -2*v - 3*q + 1 = 4, -15 = 5*q. Let z(f) = -f**3 + 4*f**2 - 2*f - 1. Let w be z(v). Suppose h - w*h + 9 = 0. What are the prime factors of h?
3
Let p(u) = u + 4. Let x be p(-4). Let b(c) = x + c**3 - 4*c**2 - 2 + 4. What are the prime factors of b(4)?
2
Let r = -95 + 185. Let k = r - 47. List the prime factors of k.
43
Suppose -2*a + 0*a = -26. List the prime factors of a.
13
Let d(t) = t**2 - 2*t - 4 + t + 1. What are the prime factors of d(5)?
17
Let a = 0 + -2. Let n = a + 6. Suppose -n*u = -u - 21. List the prime factors of u.
7
Let u = -274 - -474. What are the prime factors of u?
2, 5
Suppose -4*s - 4*l = -l + 14, 10 = -5*l. Let y = 5 - s. Suppose 5*w - y = 13. List the prime factors of w.
2
Let k(b)